{"id":858,"date":"2024-05-21T10:04:34","date_gmt":"2024-05-21T08:04:34","guid":{"rendered":"https:\/\/bauapp.hu\/?page_id=858"},"modified":"2024-05-21T10:47:32","modified_gmt":"2024-05-21T08:47:32","slug":"project","status":"publish","type":"page","link":"https:\/\/bauapp.hu\/?page_id=858","title":{"rendered":"Project"},"content":{"rendered":"<section class=\"l-section wpb_row height_medium\"><div class=\"l-section-h i-cf\"><div class=\"g-cols vc_row via_grid cols_1 laptops-cols_inherit tablets-cols_inherit mobiles-cols_1 valign_top type_default stacking_default\"><div class=\"wpb_column vc_column_container\"><div class=\"vc_column-inner\"><div class=\"w-image us_custom_22a11b20 style_shadow-1 align_center\"><div class=\"w-image-h\"><img loading=\"lazy\" decoding=\"async\" width=\"1548\" height=\"876\" src=\"https:\/\/bauapp.hu\/wp-content\/uploads\/2024\/05\/bauapp_szechenyi2020-1.jpg\" class=\"attachment-full size-full\" alt=\"\" loading=\"lazy\" srcset=\"https:\/\/bauapp.hu\/wp-content\/uploads\/2024\/05\/bauapp_szechenyi2020-1.jpg 1548w, https:\/\/bauapp.hu\/wp-content\/uploads\/2024\/05\/bauapp_szechenyi2020-1-300x170.jpg 300w, https:\/\/bauapp.hu\/wp-content\/uploads\/2024\/05\/bauapp_szechenyi2020-1-1024x579.jpg 1024w\" sizes=\"auto, (max-width: 1548px) 100vw, 1548px\" \/><\/div><\/div><\/div><\/div><\/div><\/div><\/section><section class=\"l-section wpb_row height_medium\"><div class=\"l-section-h i-cf\"><div class=\"g-cols vc_row via_grid cols_1 laptops-cols_inherit tablets-cols_inherit mobiles-cols_1 valign_top type_default stacking_default\"><div class=\"wpb_column vc_column_container\"><div class=\"vc_column-inner\"><div class=\"wpb_text_column\"><div class=\"wpb_wrapper\"><div class=\"l-canvas sidebar_none type_wide\">\n<div class=\"l-main\">\n<div class=\"l-main-h i-cf\">\n<h2>\u00a0 \u00a0BauApp Szoftverfejleszt\u0151 Kft<\/h2>\n<section class=\"l-section wpb_row height_medium\">\n<div class=\"l-section-h i-cf\">\n<div class=\"g-cols vc_row type_default valign_top\">\n<div class=\"vc_col-sm-12 wpb_column vc_column_container\">\n<div class=\"vc_column-inner\">\n<div class=\"wpb_wrapper\">\n<div class=\"wpb_text_column \">\n<div class=\"wpb_wrapper\">\n<h4><\/h4>\n<h3>BauApp \u00e9p\u00edt\u0151ipari mobil<br \/>\nalkalmaz\u00e1s piaci bevezet\u00e9s\u00e9nek<br \/>\nt\u00e1mogat\u00e1sa kock\u00e1zati t\u0151k\u00e9vel<\/h3>\n<\/div>\n<\/div>\n<p>&nbsp;<\/p>\n<div class=\"wpb_text_column \">\n<div class=\"wpb_wrapper\">\n<p>&nbsp;<\/p>\n<p><strong>\u2013\u00a0Felh\u00edv\u00e1s azonos\u00edt\u00f3 jele:<\/strong>\u00a0GINOP-8.1.3\/B-17<\/p>\n<p>&nbsp;<\/p>\n<p>&nbsp;<\/p>\n<p><strong>\u2013\u00a0Projekt tartalm\u00e1nak bemutat\u00e1sa:<\/strong><\/p>\n<\/div>\n<\/div>\n<p>&nbsp;<\/p>\n<div class=\"wpb_text_column \">\n<div class=\"wpb_wrapper\">\n<p>A projekt c\u00e9lja az \u00e9p\u00edt\u0151ipari, egyedi mobilfejleszt\u00e9si feladatokb\u00f3l kiindulva \u00e9s a Mobilengine platformra \u00e9p\u00fclve egy \u201cdobozos\u201d \u00e9p\u00edt\u0151ipari mobil alkalmaz\u00e1s csal\u00e1d m\u00e1r meglev\u0151 \u00e9s tov\u00e1bbi tagjaink (tov\u00e1bb)fejleszt\u00e9se, \u00faj piacokra, illetve \u00fcgyfelekhez val\u00f3 eljuttat\u00e1s\u00e1nak \u00e9s \u00e9rt\u00e9kes\u00edt\u00e9s\u00e9nek finansz\u00edroz\u00e1sa.<\/p>\n<\/div>\n<p>&nbsp;<\/p>\n<div class=\"wpb_wrapper\">\n<p><strong>\u2013\u00a0Projekt tervezett befejez\u00e9si d\u00e1tuma:<\/strong> 2022. j\u00fanius<\/p>\n<\/div>\n<p>&nbsp;<\/p>\n<div class=\"wpb_wrapper\">\n<p><strong>\u2013\u00a0Szerz\u0151d\u00f6tt t\u00e1mogat\u00e1s \u00f6sszege:<\/strong>\u00a0480.000.000 Ft<\/p>\n<\/div>\n<\/div>\n<\/div>\n<\/div>\n<\/div>\n<\/div>\n<\/div>\n<p>&nbsp;<\/p>\n<\/section>\n<\/div>\n<\/div>\n<\/div>\n<\/div><\/div><\/div><\/div><\/div><\/div><\/section>\n","protected":false},"excerpt":{"rendered":"\u00a0 \u00a0BauApp Szoftverfejleszt\u0151 Kft BauApp \u00e9p\u00edt\u0151ipari mobil alkalmaz\u00e1s piaci bevezet\u00e9s\u00e9nek t\u00e1mogat\u00e1sa kock\u00e1zati t\u0151k\u00e9vel &nbsp; &nbsp; \u2013\u00a0Felh\u00edv\u00e1s azonos\u00edt\u00f3 jele:\u00a0GINOP-8.1.3\/B-17 &nbsp; &nbsp; \u2013\u00a0Projekt tartalm\u00e1nak bemutat\u00e1sa: &nbsp; A projekt c\u00e9lja az \u00e9p\u00edt\u0151ipari, egyedi mobilfejleszt\u00e9si feladatokb\u00f3l kiindulva \u00e9s a Mobilengine platformra \u00e9p\u00fclve egy \u201cdobozos\u201d \u00e9p\u00edt\u0151ipari mobil alkalmaz\u00e1s csal\u00e1d m\u00e1r meglev\u0151 \u00e9s tov\u00e1bbi tagjaink (tov\u00e1bb)fejleszt\u00e9se, \u00faj piacokra, illetve \u00fcgyfelekhez val\u00f3...","protected":false},"author":1,"featured_media":0,"parent":0,"menu_order":0,"comment_status":"closed","ping_status":"closed","template":"","meta":{"_exactmetrics_skip_tracking":false,"_exactmetrics_sitenote_active":false,"_exactmetrics_sitenote_note":"","_exactmetrics_sitenote_category":0,"footnotes":""},"class_list":["post-858","page","type-page","status-publish","hentry"],"_links":{"self":[{"href":"https:\/\/bauapp.hu\/index.php?rest_route=\/wp\/v2\/pages\/858","targetHints":{"allow":["GET"]}}],"collection":[{"href":"https:\/\/bauapp.hu\/index.php?rest_route=\/wp\/v2\/pages"}],"about":[{"href":"https:\/\/bauapp.hu\/index.php?rest_route=\/wp\/v2\/types\/page"}],"author":[{"embeddable":true,"href":"https:\/\/bauapp.hu\/index.php?rest_route=\/wp\/v2\/users\/1"}],"replies":[{"embeddable":true,"href":"https:\/\/bauapp.hu\/index.php?rest_route=%2Fwp%2Fv2%2Fcomments&post=858"}],"version-history":[{"count":0,"href":"https:\/\/bauapp.hu\/index.php?rest_route=\/wp\/v2\/pages\/858\/revisions"}],"wp:attachment":[{"href":"https:\/\/bauapp.hu\/index.php?rest_route=%2Fwp%2Fv2%2Fmedia&parent=858"}],"curies":[{"name":"wp","href":"https:\/\/api.w.org\/{rel}","templated":true}]}}